n base 9, what is -70542 - -27?
-70514
In base 3, what is 2010 - -10122211?
10201221
In base 13, what is -3 - -8a60?
8a5a
In base 10, what is 1122 + -18?
1104
In base 2, what is 10000101101101 - 1001111?
10000100011110
In base 2, what is 1001001110101111110 + 100?
1001001110110000010
In base 10, what is 2267 + -78?
2189
In base 3, what is 2022001 - -22001?
2121002
In base 16, what is -4 + -4bfd3?
-4bfd7
In base 6, what is 455555 - 2?
455553
In base 5, what is 242132 - 141?
241441
In base 13, what is -5 - -27ab54?
27ab4c
In base 14, what is -1 + b762?
b761
In base 11, what is -5 - 3a3418?
-3a3422
In base 14, what is 4 + -17400?
-173da
In base 3, what is 11221 + 11212?
100210
In base 8, what is 6440 + 20?
6460
In base 15, what is -16b40 - 0?
-16b40
In base 12, what is 9 - -4180?
4189
In base 11, what is 478 + -55?
423
In base 6, what is -5 - -340555?
340550
In base 5, what is -2 - -121120?
121113
In base 9, what is 274 - 1440?
-1155
In base 13, what is 2 - 9624b?
-96249
In base 3, what is 10 + -1220002002001?
-1220002001221
In base 3, what is -102210 + -11101201?
-11211111
In base 9, what is -253 - -835?
572
In base 3, what is -2201122200 - -1010?
-2201121120
In base 11, what is 19 + -8540?
-8522
In base 11, what is -39 + -2665?
-26a3
In base 11, what is -99 - -484?
396
In base 3, what is -1000020 - 22020?
-1022110
In base 8, what is 34072 - 46?
34024
In base 4, what is -10233 - -21311?
11012
In base 11, what is -16 + -6546?
-6561
In base 16, what is -153e4 - 0?
-153e4
In base 7, what is -46624 + 445?
-46146
In base 3, what is 22120 - -122121101?
122220221
In base 6, what is 4342 + 23241?
32023
In base 6, what is 21332323 + 3?
21332330
In base 10, what is 49 - 2609?
-2560
In base 4, what is 323 + 10001112?
10002101
In base 9, what is 5 - 225174?
-225168
In base 2, what is -1110110010011011 + -1?
-1110110010011100
In base 16, what is -dd - -c?
-d1
In base 10, what is 551239 + 1?
551240
In base 15, what is -32d77 + 8?
-32d6e
In base 7, what is -63105143 + 2?
-63105141
In base 7, what is -1 + 110155?
110154
In base 15, what is -3 + 5ae6?
5ae3
In base 14, what is c669 - -3?
c66c
In base 12, what is -4a45a + -11?
-4a46b
In base 13, what is 36 + -11?
25
In base 10, what is -34 + 23006?
22972
In base 14, what is -1 + -3609?
-360a
In base 4, what is -30122 + 23121?
-1001
In base 11, what is 23141 - 42?
230aa
In base 16, what is 5 + 5fc24?
5fc29
In base 11, what is -1212 - 1a?
-1231
In base 11, what is 8 + -3056?
-3049
In base 4, what is 130321 + -3?
130312
In base 4, what is -22331301 - -11?
-22331230
In base 2, what is -1100 + 110011101010?
110011011110
In base 5, what is 32114103 + 4?
32114112
In base 10, what is 96 + 233?
329
In base 10, what is 19610 - -41?
19651
In base 12, what is 180 - 77?
105
In base 2, what is 101110 + 110010110101?
110011100011
In base 16, what is -928 - 22?
-94a
In base 3, what is 120200 - 111111?
2012
In base 12, what is -a - -52420?
52412
In base 16, what is 16e4 - -2bc?
19a0
In base 5, what is -13223223 + -3?
-13223231
In base 11, what is 0 + 7912?
7912
In base 11, what is -2 - -129078?
129076
In base 12, what is -82 - -11a?
58
In base 6, what is 4 + 440424?
440432
In base 2, what is -1011 - 100100000111?
-100100010010
In base 6, what is 330 + 1544?
2314
In base 2, what is 11000101 - -110100?
11111001
In base 2, what is -1000 + 111000110?
110111110
In base 11, what is 27 - 1266?
-123a
In base 14, what is 3 - 4b47?
-4b44
In base 4, what is 111 + -103233?
-103122
In base 10, what is 9052 - -3?
9055
In base 6, what is 4 - -153234?
153242
In base 5, what is 110 - 31044030?
-31043420
In base 11, what is 5 + 2330a?
23314
In base 7, what is -15 + -544140?
-544155
In base 8, what is -2 + 665621?
665617
In base 14, what is -413 - 1d1?
-604
In base 2, what is -1010101 + 100010?
-110011
In base 5, what is -3 - -314121140?
314121132
In base 11, what is -2 + -a5439?
-a5440
In base 5, what is -231334 - -22?
-231312
In base 2, what is -10001100111010001110 + 10?
-10001100111010001100
In base 7, what is 55130 - 3?
55124
In base 8, what is -355 - -21027?
20452
In base 13, what is 78583b + 3?
785841
In base 4, what is 3221 + 310320?
320201
In base 9, what is 5 + 378470?
378475
In base 3, what is 20020021 + 1?
20020022
In base 7, what is -204414 - -4?
-204410
In base 13, what is -281 + -7a?
-32b
In base 2, what is -11 + -10110001000010?
-10110001000101
In base 13, what is -1ab78 - 2?
-1ab7a
In base 12, what is -168 - -1a?
-14a
In base 10, what is -1217251 - 1?
-1217252
In base 11, what is 2a22 - -2?
2a24
In base 16, what is 4123 + 3?
4126
In base 15, what is 1 - 62615?
-62614
In base 8, what is 4 + -114416?
-114412
In base 15, what is -85d8 - 4?
-85dc
In base 8, what is -10620 + -70?
-10710
In base 6, what is 10 + -102444?
-102434
In base 15, what is 1 - -161a?
161b
In base 15, what is -4832 + e?
-4823
In base 10, what is 11282 - -14?
11296
In base 10, what is -2 - -8168?
8166
In base 6, what is 2350 + -240?
2110
In base 11, what is 11458a6 + 1?
11458a7
In base 11, what is 2 - -131a13?
131a15
In base 11, what is -18672 - -109?
-18564
In base 2, what is 100001110000000011 + 10000?
100001110000010011
In base 15, what is -1 + 1823?
1822
In base 14, what is 780 + -596?
1c8
In base 14, what is -1b3 + -201?
-3b4
In base 6, what is -304121 + -540?
-305101
In base 14, what is -4 - -c059?
c055
In base 13, what is 7b8 + 16?
801
In base 9, what is -4 - -24138?
24134
In base 8, what is 1061343 + -10?
1061333
In base 14, what is 18a21 - -1?
18a22
In base 4, what is 102003 + -12030?
23313
In base 14, what is 0 - 135549?
-135549
In base 2, what is 100100100 - -11010?
100111110
In base 2, what is 10001 + 101100101?
101110110
In base 7, what is -5 - 62633?
-62641
In base 8, what is 400 + 1232?
1632
In base 2, what is -1001110011000 - -111010101?
-1000111000011
In base 7, what is -33 + 2354?
2321
In base 5, what is 233123212 + -10?
233123202
In base 13, what is -255b + -3b?
-2599
In base 15, what is 0 - -208c4?
208c4
In base 8, what is 0 - 50616?
-50616
In base 11, what is -19807 - -5?
-19802
In base 9, what is -4073 + 37?
-4035
In base 13, what is 93 - 126?
-63
In base 2, what is 11001011011 - -101110110?
11111010001
In base 4, what is 2111100 + 1223?
2112323
In base 8, what is 1 + 6306?
6307
In base 9, what is 2 + 47755?
47757
In base 7, what is 1211 + 5000?
6211
In base 7, what is -22333 + -1443?
-24106
In base 8, what is -22602 - 5?
-22607
In base 12, what is -237 + -3187?
-3402
In base 8, what is -6055 + 42?
-6013
In base 12, what is 110b4 + -4?
110b0
In base 8, what is 1402 - 17?
1363
In base 10, what is -24 - 354?
-378
In base 13, what is 2 + 2b5c93?
2b5c95
In base 7, what is 122 - -300035?
300160
In base 15, what is 123285 - 4?
123281
In base 16, what is 3 + 2c10?
2c13
In base 8, what is -24 + 33442?
33416
In base 3, what is -11112 + 201220?
120101
In base 6, what is -1005205 + 2?
-1005203
In base 16, what is 1c080 + -3?
1c07d
In base 5, what is 4444 - 202?
4242
In base 15, what is 9c55 + 3?
9c58
In base 13, what is -20 + -1b4?
-204
In base 8, what is 1412175 - -3?
1412200
In base 12, what is 4 - -4831?
4835
In base 8, what is -53734 + -1?
-53735
In base 2, what is 11111110100 - -111?
11111111011
In base 3, what is -1000112121 - 0?
-1000112121
In base 4, what is -203033101 + -123?
-203033230
In base 11, what is -6 - -155942?
155937
In base 2, what is -10011111101 + -10110110?
-10110110011
In base 15, what is d51 - 23?
d2d
In base 15, what is -1e666 - 2?
-1e668
In base 9, what is -2235 + -82?
-2327
In base 3, what is 1012102 - -2?
1012111
In base 8, what is 2 + 1046066?
1046070
In base 13, what is 6 + -249841?
-249838
In base 4, what is -21 + 11021322?
11021301
In base 7, what is 6 - 2103041?
-2103032
In base 2, what is 101 - 1100000111100011101?
-1100000111100011000
In base 12, what is 145 - 5a0?
-457
In base 16, what is -5 + -4556?
-455b
In base 10, what is 28437 - 25?
28412
In base 16, what is 11c2 - -5?
11c7
In base 12, what is 242 - 107?
137
In base 8, what is 1747662 - -1?
1747663
In base 13, what is -112 - 3675?
-3787
In base 14, what is a5756 + -8?
a574c
In base 4, what is 133132302 + 22?
133132330
In base 6, what is 23 + -2040431?
-2040404
In base 11, what is -400754 + -6?
-40075a
In base 11, what is -93 + -63a?
-722
In base 5, what is 0 